{"id":201,"date":"2020-02-03T08:26:41","date_gmt":"2020-02-03T08:26:41","guid":{"rendered":"https:\/\/demosites.io\/architecture-gb\/?page_id=201"},"modified":"2026-03-17T12:24:17","modified_gmt":"2026-03-17T11:24:17","slug":"e866c-our-projects","status":"publish","type":"page","link":"https:\/\/www.perchiazzidesign.it\/?page_id=201","title":{"rendered":"PORTFOLIO"},"content":{"rendered":"\n<div id=\"wp-block-themeisle-blocks-advanced-columns-71126027\" class=\"wp-block-themeisle-blocks-advanced-columns alignfull has-1-columns has-desktop-equal-layout has-tablet-equal-layout has-mobile-equal-layout has-vertical-center\"><div class=\"wp-block-themeisle-blocks-advanced-columns-overlay\"><\/div><div class=\"innerblocks-wrap\">\n<div id=\"wp-block-themeisle-blocks-advanced-column-3173e8ac\" class=\"wp-block-themeisle-blocks-advanced-column\">\n<h1 class=\"wp-block-heading has-text-align-center has-nv-text-dark-bg-color has-text-color\">PROGETTI \/ OUR PROJECTS<\/h1>\n<\/div>\n<\/div><\/div>\n\n\n\n<div id=\"wp-block-themeisle-blocks-advanced-columns-966e2247\" class=\"wp-block-themeisle-blocks-advanced-columns alignfull has-1-columns has-desktop-equal-layout has-tablet-equal-layout has-mobile-equal-layout has-vertical-unset\"><div class=\"wp-block-themeisle-blocks-advanced-columns-overlay\"><\/div><div class=\"innerblocks-wrap\">\n<div id=\"wp-block-themeisle-blocks-advanced-column-d92441b4\" class=\"wp-block-themeisle-blocks-advanced-column\">\n<h6 id=\"wp-block-themeisle-blocks-advanced-heading-2c0253af\" class=\"wp-block-themeisle-blocks-advanced-heading wp-block-themeisle-blocks-advanced-heading-2c0253af\">CHI SIAMO \/ ABOUT US<\/h6>\n\n\n\n<h2 class=\"wp-block-heading has-text-align-center has-neve-text-color-color has-text-color\">WE DO THINGS DIFFERENTLY<\/h2>\n\n\n\n<p>  Crediamo che per progettare occorra un&#8217;attitudine ed un approccio aperto alla realt\u00e0, per questo Perchiazzidesign nasce dall\u2019idea di riunire le competenze di progettisti provenienti da esperienze differenti, per poter far confluire le conoscenze multidisciplinari dei singoli soggetti ed offrire un approccio al progetto differente, ci proponiamo come valido supporto alla realizzazione di progetti in campo meccanico, architettonico e soprattutto relativo alla progettazione di prodotto. <\/p>\n\n\n\n<p>Non troverete pubblicati tutti i progetti realizzati in questi anni, la nostra attivit\u00e0 ci richiede spesso riservatezza, per i clienti che lo richiedano rinunciamo alla paternit\u00e0 del progetto e di eventuali brevetti, per questi ultimi spesso forniamo anche attivit\u00e0 di assistenza alla documentazione; di seguito e nella sezione &#8221; credits and other projects &#8221; potrete vedere alcune realizzazioni che abbiamo curato.<\/p>\n\n\n\n<p>  We believe that design requires an open mind and an unbiased approach to reality. That&#8217;s why Perchiazzidesign was born from the idea of \u200b\u200bbringing together the skills of designers with diverse backgrounds, integrating each individual&#8217;s multidisciplinary knowledge and offering a diversified approach to the project. We offer invaluable support for the realization of projects in the mechanical, architectural, and, above all, product design fields. <\/p>\n\n\n\n<p>You will not find all the projects completed in these years published, our business often requires confidentiality. For clients who request it, we renounce ownership of the project and any patents. For the latter, we often also provide documentation assistance. Below and in the &#8220;credits and other projects&#8221; section you can see some of the projects we have curated.<\/p>\n<\/div>\n<\/div><\/div>\n\n\n\n\n\n<div id=\"wp-block-themeisle-blocks-advanced-columns-2c9878f4\" class=\"wp-block-themeisle-blocks-advanced-columns alignfull has-2-columns has-desktop-equal-layout has-tablet-equal-layout has-mobile-collapsedRows-layout has-vertical-unset has-dark-bg\"><div class=\"wp-block-themeisle-blocks-advanced-columns-overlay\"><\/div><div class=\"innerblocks-wrap\">\n<div id=\"wp-block-themeisle-blocks-advanced-column-98c28a51\" class=\"wp-block-themeisle-blocks-advanced-column\">\n<h6 id=\"wp-block-themeisle-blocks-advanced-heading-09afc45b\" class=\"wp-block-themeisle-blocks-advanced-heading wp-block-themeisle-blocks-advanced-heading-09afc45b\">progettazione in ambito civile \/ civil engineering design<\/h6>\n\n\n\n<h2 class=\"wp-block-heading has-nv-text-dark-bg-color has-text-color\">rinforzo viadotto<\/h2>\n\n\n\n<p class=\"has-nv-text-dark-bg-color has-text-color\">Studio per l&#8217;adattamento di un rinforzo strutturale per un viadotto al di sopra di un canale, riallineamento secondo il nuovo tracciato, progettazione delle dime per il montaggio e l&#8217;allineamento, assistenza in officina ed in area di cantiere, documentazione.<\/p>\n\n\n\n<p class=\"has-nv-text-dark-bg-color has-text-color\">Study for the adaptation of a structural reinforcement for a viaduct over a canal, realignment according to the new route, design of assembly and alignment templates, assistance in the workshop and on the construction site, documentation. highlights include enhanced natural lighting, open floor plans, and energy-efficient solutions.<\/p>\n\n\n\n<div class=\"wp-block-buttons is-layout-flex wp-block-buttons-is-layout-flex\">\n<div class=\"wp-block-button is-style-secondary\"><a class=\"wp-block-button__link wp-element-button\" href=\"https:\/\/www.perchiazzidesign.it\/?page_id=1097\">VIEW PROJECT DETAILS<\/a><\/div>\n<\/div>\n<\/div>\n\n\n\n<div id=\"wp-block-themeisle-blocks-advanced-column-d5b28d37\" class=\"wp-block-themeisle-blocks-advanced-column\">\n<figure class=\"wp-block-image size-large animated fadeInUp slow\"><img loading=\"lazy\" decoding=\"async\" width=\"1024\" height=\"685\" src=\"https:\/\/www.perchiazzidesign.it\/wp-content\/uploads\/2023\/03\/Canale-Ozzieri_00-1024x685.jpeg\" alt=\"\" class=\"wp-image-689\" srcset=\"https:\/\/www.perchiazzidesign.it\/wp-content\/uploads\/2023\/03\/Canale-Ozzieri_00-1024x685.jpeg 1024w, https:\/\/www.perchiazzidesign.it\/wp-content\/uploads\/2023\/03\/Canale-Ozzieri_00-300x201.jpeg 300w, https:\/\/www.perchiazzidesign.it\/wp-content\/uploads\/2023\/03\/Canale-Ozzieri_00-768x514.jpeg 768w, https:\/\/www.perchiazzidesign.it\/wp-content\/uploads\/2023\/03\/Canale-Ozzieri_00.jpeg 1442w\" sizes=\"auto, (max-width: 1024px) 100vw, 1024px\" \/><\/figure>\n<\/div>\n<\/div><\/div>\n\n\n\n<div id=\"wp-block-themeisle-blocks-advanced-columns-82a4c394\" class=\"wp-block-themeisle-blocks-advanced-columns alignfull has-2-columns has-desktop-equal-layout has-tablet-equal-layout has-mobile-collapsedRows-layout has-vertical-unset ticss-ce69d1c2 has-light-bg\"><div class=\"wp-block-themeisle-blocks-advanced-columns-overlay\"><\/div><div class=\"innerblocks-wrap\">\n<div id=\"wp-block-themeisle-blocks-advanced-column-b9082770\" class=\"wp-block-themeisle-blocks-advanced-column\">\n<figure class=\"wp-block-image size-large animated fadeInUp slow\"><img loading=\"lazy\" decoding=\"async\" width=\"1024\" height=\"768\" src=\"https:\/\/www.perchiazzidesign.it\/wp-content\/uploads\/2023\/03\/IMG-20180122-WA0001-1024x768.jpg\" alt=\"\" class=\"wp-image-694\" srcset=\"https:\/\/www.perchiazzidesign.it\/wp-content\/uploads\/2023\/03\/IMG-20180122-WA0001-1024x768.jpg 1024w, https:\/\/www.perchiazzidesign.it\/wp-content\/uploads\/2023\/03\/IMG-20180122-WA0001-300x225.jpg 300w, https:\/\/www.perchiazzidesign.it\/wp-content\/uploads\/2023\/03\/IMG-20180122-WA0001-768x576.jpg 768w, https:\/\/www.perchiazzidesign.it\/wp-content\/uploads\/2023\/03\/IMG-20180122-WA0001.jpg 1536w\" sizes=\"auto, (max-width: 1024px) 100vw, 1024px\" \/><\/figure>\n<\/div>\n\n\n\n<div id=\"wp-block-themeisle-blocks-advanced-column-63c709a8\" class=\"wp-block-themeisle-blocks-advanced-column\">\n<h6 id=\"wp-block-themeisle-blocks-advanced-heading-6164b435\" class=\"wp-block-themeisle-blocks-advanced-heading wp-block-themeisle-blocks-advanced-heading-6164b435\">Progettazione meccnica<\/h6>\n\n\n\n<h2 class=\"wp-block-heading has-text-color-color has-text-color\">consolle multioperatore<\/h2>\n\n\n\n<p class=\"has-text-color-color has-text-color\">Console multioperatore per il controllo navale. A causa dell&#8217;ambiente di installazione, le richieste del cliente ponevano specifici requisiti di ergonomia, trasportabilit\u00e0 e robustezza. Attraverso un&#8217;attenta ricerca di industrializzazione, \u00e8 stato possibile ottenere un prodotto dal design complesso senza l&#8217;utilizzo di materiali compositi e senza sacrificare gli aspetti produttivi, di manutenzione e di installazione a bordo.<\/p>\n\n\n\n<p class=\"has-text-color-color has-text-color\">Multi-operator console for naval control. Due to the installation environment, the client&#8217;s requirements placed specific demands on ergonomics, portability, and robustness. Through careful industrialization research, it was possible to achieve a complex product design without the use of composite materials and without sacrificing manufacturing, maintenance, and onboard installation.<\/p>\n\n\n\n<p><\/p>\n\n\n\n<div class=\"wp-block-buttons is-layout-flex wp-block-buttons-is-layout-flex\">\n<div class=\"wp-block-button is-style-secondary\"><a class=\"wp-block-button__link wp-element-button\" href=\"https:\/\/www.perchiazzidesign.it\/?page_id=1115\" target=\"_blank\" rel=\"noreferrer noopener\">VIEW PROJECT DETAILS<\/a><\/div>\n<\/div>\n<\/div>\n<\/div><\/div>\n\n\n\n<div id=\"wp-block-themeisle-blocks-advanced-columns-be0d6fa2\" class=\"wp-block-themeisle-blocks-advanced-columns alignfull has-2-columns has-desktop-equal-layout has-tablet-equal-layout has-mobile-collapsedRows-layout has-vertical-unset has-dark-bg\"><div class=\"wp-block-themeisle-blocks-advanced-columns-overlay\"><\/div><div class=\"innerblocks-wrap\">\n<div id=\"wp-block-themeisle-blocks-advanced-column-e82d3816\" class=\"wp-block-themeisle-blocks-advanced-column\">\n<h6 id=\"wp-block-themeisle-blocks-advanced-heading-d390e60d\" class=\"wp-block-themeisle-blocks-advanced-heading wp-block-themeisle-blocks-advanced-heading-d390e60d\">design illuminotecnica \/ <br>design and lighting technology<\/h6>\n\n\n\n<h2 class=\"wp-block-heading has-nv-text-dark-bg-color has-text-color\">eclissi<\/h2>\n\n\n\n<p class=\"has-nv-text-dark-bg-color has-text-color\">Lampada regolabile senza l&#8217;utilizzo di dimmer attraverso lo studio della rotazione del corpo illuminante su di un supporto inerte, tale particolarit\u00e0 permette inoltre di utilizzare il corpo illuminante in maniera indipendente.<\/p>\n\n\n\n<p class=\"has-nv-text-dark-bg-color has-text-color\">Adjustable lamp without the use of a dimmer through the study of the rotation of the lighting body on an inert support, this particularity also allows the lighting body to be used independently.<\/p>\n\n\n\n<div class=\"wp-block-buttons is-layout-flex wp-block-buttons-is-layout-flex\">\n<div class=\"wp-block-button is-style-secondary\"><a class=\"wp-block-button__link wp-element-button\" href=\"https:\/\/www.perchiazzidesign.it\/?page_id=1241\" target=\"_blank\" rel=\"noreferrer noopener\">VIEW PROJECT DETAILS<\/a><\/div>\n<\/div>\n<\/div>\n\n\n\n<div id=\"wp-block-themeisle-blocks-advanced-column-3e19d1cf\" class=\"wp-block-themeisle-blocks-advanced-column\">\n<figure class=\"wp-block-image size-large animated fadeInUp slow\"><img loading=\"lazy\" decoding=\"async\" width=\"726\" height=\"1024\" src=\"https:\/\/www.perchiazzidesign.it\/wp-content\/uploads\/2025\/04\/IMG-20250401-WA0060-726x1024.jpg\" alt=\"\" class=\"wp-image-848\" srcset=\"https:\/\/www.perchiazzidesign.it\/wp-content\/uploads\/2025\/04\/IMG-20250401-WA0060-726x1024.jpg 726w, https:\/\/www.perchiazzidesign.it\/wp-content\/uploads\/2025\/04\/IMG-20250401-WA0060-213x300.jpg 213w, https:\/\/www.perchiazzidesign.it\/wp-content\/uploads\/2025\/04\/IMG-20250401-WA0060-768x1084.jpg 768w, https:\/\/www.perchiazzidesign.it\/wp-content\/uploads\/2025\/04\/IMG-20250401-WA0060-1089x1536.jpg 1089w, https:\/\/www.perchiazzidesign.it\/wp-content\/uploads\/2025\/04\/IMG-20250401-WA0060.jpg 1134w\" sizes=\"auto, (max-width: 726px) 100vw, 726px\" \/><\/figure>\n<\/div>\n<\/div><\/div>\n\n\n\n\n","protected":false},"excerpt":{"rendered":"PROGETTI \/ OUR PROJECTS CHI SIAMO \/ ABOUT US WE DO THINGS DIFFERENTLY Crediamo che per progettare occorra un'attitudine ed un approccio aperto alla realt\u00e0, per questo Perchiazzidesign nasce dall\u2019idea di riunire le competenze di progettisti provenienti da esperienze differenti, per poter far confluire le conoscenze multidisciplinari dei singoli soggetti ed offrire un approccio al<a href=\"https:\/\/www.perchiazzidesign.it\/?page_id=201\" rel=\"bookmark\">Leggi tutto &raquo;<span class=\"screen-reader-text\">PORTFOLIO<\/span><\/a>","protected":false},"author":1,"featured_media":1006,"parent":0,"menu_order":0,"comment_status":"closed","ping_status":"closed","template":"page-templates\/template-pagebuilder-full-width.php","meta":{"neve_meta_sidebar":"full-width","neve_meta_container":"","neve_meta_enable_content_width":"on","neve_meta_content_width":100,"neve_meta_title_alignment":"","neve_meta_author_avatar":"","neve_post_elements_order":"","neve_meta_disable_header":"","neve_meta_disable_footer":"","neve_meta_disable_title":"","_themeisle_gutenberg_block_has_review":false,"footnotes":""},"class_list":["post-201","page","type-page","status-publish","has-post-thumbnail","hentry"],"_links":{"self":[{"href":"https:\/\/www.perchiazzidesign.it\/index.php?rest_route=\/wp\/v2\/pages\/201","targetHints":{"allow":["GET"]}}],"collection":[{"href":"https:\/\/www.perchiazzidesign.it\/index.php?rest_route=\/wp\/v2\/pages"}],"about":[{"href":"https:\/\/www.perchiazzidesign.it\/index.php?rest_route=\/wp\/v2\/types\/page"}],"author":[{"embeddable":true,"href":"https:\/\/www.perchiazzidesign.it\/index.php?rest_route=\/wp\/v2\/users\/1"}],"replies":[{"embeddable":true,"href":"https:\/\/www.perchiazzidesign.it\/index.php?rest_route=%2Fwp%2Fv2%2Fcomments&post=201"}],"version-history":[{"count":17,"href":"https:\/\/www.perchiazzidesign.it\/index.php?rest_route=\/wp\/v2\/pages\/201\/revisions"}],"predecessor-version":[{"id":1270,"href":"https:\/\/www.perchiazzidesign.it\/index.php?rest_route=\/wp\/v2\/pages\/201\/revisions\/1270"}],"wp:featuredmedia":[{"embeddable":true,"href":"https:\/\/www.perchiazzidesign.it\/index.php?rest_route=\/wp\/v2\/media\/1006"}],"wp:attachment":[{"href":"https:\/\/www.perchiazzidesign.it\/index.php?rest_route=%2Fwp%2Fv2%2Fmedia&parent=201"}],"curies":[{"name":"wp","href":"https:\/\/api.w.org\/{rel}","templated":true}]}}